{"id":2057,"date":"2024-07-11T13:00:58","date_gmt":"2024-07-11T11:00:58","guid":{"rendered":"https:\/\/walch-recycling.com\/portfolio-items\/baterias-de-iones-de-litio\/"},"modified":"2024-07-11T13:00:58","modified_gmt":"2024-07-11T11:00:58","slug":"baterias-de-iones-de-litio","status":"publish","type":"avada_portfolio","link":"https:\/\/walch-recycling.com\/es\/portfolio-items\/baterias-de-iones-de-litio\/","title":{"rendered":"Bater\u00edas de iones de litio"},"content":{"rendered":"<p>Las pilas de i\u00f3n-litio y los residuos de su fabricaci\u00f3n contienen valiosas materias primas. Nos encargamos del reciclaje profesional y respetuoso con el medio ambiente de c\u00e1todos, \u00e1nodos y otros componentes.<\/p>\n","protected":false},"excerpt":{"rendered":"<p>Las pilas de i\u00f3n-litio y los residuos de su fabricaci\u00f3n  [&#8230;]<\/p>\n","protected":false},"author":1,"featured_media":365,"menu_order":0,"comment_status":"open","ping_status":"closed","template":"","format":"standard","meta":{"footnotes":""},"portfolio_category":[60],"portfolio_skills":[],"portfolio_tags":[],"class_list":["post-2057","avada_portfolio","type-avada_portfolio","status-publish","format-standard","has-post-thumbnail","hentry","portfolio_category-inicio"],"yoast_head":"<!-- This site is optimized with the Yoast SEO plugin v26.7 - https:\/\/yoast.com\/wordpress\/plugins\/seo\/ -->\n<title>Bater\u00edas de iones de litio | WALCH Recycling<\/title>\n<meta name=\"robots\" content=\"noindex, follow\" \/>\n<meta property=\"og:locale\" content=\"es_ES\" \/>\n<meta property=\"og:type\" content=\"article\" \/>\n<meta property=\"og:title\" content=\"Bater\u00edas de iones de litio | WALCH Recycling\" \/>\n<meta property=\"og:description\" content=\"Las pilas de i\u00f3n-litio y los residuos de su fabricaci\u00f3n [...]\" \/>\n<meta property=\"og:url\" content=\"https:\/\/walch-recycling.com\/portfolio-items\/baterias-de-iones-de-litio\/\" \/>\n<meta property=\"og:site_name\" content=\"WALCH Recycling\" \/>\n<meta property=\"og:image\" content=\"https:\/\/walch-recycling.com\/wp-content\/uploads\/2024\/04\/walch-recycling-familienbetrieb.jpg\" \/>\n\t<meta property=\"og:image:width\" content=\"1200\" \/>\n\t<meta property=\"og:image:height\" content=\"801\" \/>\n\t<meta property=\"og:image:type\" content=\"image\/jpeg\" \/>\n<meta name=\"twitter:card\" content=\"summary_large_image\" \/>\n<script type=\"application\/ld+json\" class=\"yoast-schema-graph\">{\"@context\":\"https:\/\/schema.org\",\"@graph\":[{\"@type\":\"WebPage\",\"@id\":\"https:\/\/walch-recycling.com\/portfolio-items\/baterias-de-iones-de-litio\/\",\"url\":\"https:\/\/walch-recycling.com\/portfolio-items\/baterias-de-iones-de-litio\/\",\"name\":\"Bater\u00edas de iones de litio | WALCH Recycling\",\"isPartOf\":{\"@id\":\"https:\/\/walch-recycling.com\/#website\"},\"primaryImageOfPage\":{\"@id\":\"https:\/\/walch-recycling.com\/portfolio-items\/baterias-de-iones-de-litio\/#primaryimage\"},\"image\":{\"@id\":\"https:\/\/walch-recycling.com\/portfolio-items\/baterias-de-iones-de-litio\/#primaryimage\"},\"thumbnailUrl\":\"https:\/\/walch-recycling.com\/wp-content\/uploads\/2024\/04\/batterien.png\",\"datePublished\":\"2024-07-11T11:00:58+00:00\",\"breadcrumb\":{\"@id\":\"https:\/\/walch-recycling.com\/portfolio-items\/baterias-de-iones-de-litio\/#breadcrumb\"},\"inLanguage\":\"es\",\"potentialAction\":[{\"@type\":\"ReadAction\",\"target\":[\"https:\/\/walch-recycling.com\/portfolio-items\/baterias-de-iones-de-litio\/\"]}]},{\"@type\":\"ImageObject\",\"inLanguage\":\"es\",\"@id\":\"https:\/\/walch-recycling.com\/portfolio-items\/baterias-de-iones-de-litio\/#primaryimage\",\"url\":\"https:\/\/walch-recycling.com\/wp-content\/uploads\/2024\/04\/batterien.png\",\"contentUrl\":\"https:\/\/walch-recycling.com\/wp-content\/uploads\/2024\/04\/batterien.png\",\"width\":403,\"height\":359,\"caption\":\"Batterien Icon\"},{\"@type\":\"BreadcrumbList\",\"@id\":\"https:\/\/walch-recycling.com\/portfolio-items\/baterias-de-iones-de-litio\/#breadcrumb\",\"itemListElement\":[{\"@type\":\"ListItem\",\"position\":1,\"name\":\"Startseite\",\"item\":\"https:\/\/walch-recycling.com\/es\/\"},{\"@type\":\"ListItem\",\"position\":2,\"name\":\"Portfolio\",\"item\":\"https:\/\/walch-recycling.com\/portfolio-items\/\"},{\"@type\":\"ListItem\",\"position\":3,\"name\":\"Bater\u00edas de iones de litio\"}]},{\"@type\":\"WebSite\",\"@id\":\"https:\/\/walch-recycling.com\/#website\",\"url\":\"https:\/\/walch-recycling.com\/\",\"name\":\"WALCH Recycling\",\"description\":\"\",\"publisher\":{\"@id\":\"https:\/\/walch-recycling.com\/#organization\"},\"potentialAction\":[{\"@type\":\"SearchAction\",\"target\":{\"@type\":\"EntryPoint\",\"urlTemplate\":\"https:\/\/walch-recycling.com\/?s={search_term_string}\"},\"query-input\":{\"@type\":\"PropertyValueSpecification\",\"valueRequired\":true,\"valueName\":\"search_term_string\"}}],\"inLanguage\":\"es\"},{\"@type\":\"Organization\",\"@id\":\"https:\/\/walch-recycling.com\/#organization\",\"name\":\"Lars Walch GmbH & Co. KG\",\"url\":\"https:\/\/walch-recycling.com\/\",\"logo\":{\"@type\":\"ImageObject\",\"inLanguage\":\"es\",\"@id\":\"https:\/\/walch-recycling.com\/#\/schema\/logo\/image\/\",\"url\":\"https:\/\/walch-recycling.com\/wp-content\/uploads\/2024\/05\/walch-recycling-logo_sm.svg\",\"contentUrl\":\"https:\/\/walch-recycling.com\/wp-content\/uploads\/2024\/05\/walch-recycling-logo_sm.svg\",\"width\":91,\"height\":66,\"caption\":\"Lars Walch GmbH & Co. KG\"},\"image\":{\"@id\":\"https:\/\/walch-recycling.com\/#\/schema\/logo\/image\/\"},\"sameAs\":[\"https:\/\/www.linkedin.com\/company\/walchrecycling\/\",\"https:\/\/www.youtube.com\/channel\/UCy6VNhi3OHnjeClBw2_juVQ\"]}]}<\/script>\n<!-- \/ Yoast SEO plugin. -->","yoast_head_json":{"title":"Bater\u00edas de iones de litio | WALCH Recycling","robots":{"index":"noindex","follow":"follow"},"og_locale":"es_ES","og_type":"article","og_title":"Bater\u00edas de iones de litio | WALCH Recycling","og_description":"Las pilas de i\u00f3n-litio y los residuos de su fabricaci\u00f3n [...]","og_url":"https:\/\/walch-recycling.com\/portfolio-items\/baterias-de-iones-de-litio\/","og_site_name":"WALCH Recycling","og_image":[{"width":1200,"height":801,"url":"https:\/\/walch-recycling.com\/wp-content\/uploads\/2024\/04\/walch-recycling-familienbetrieb.jpg","type":"image\/jpeg"}],"twitter_card":"summary_large_image","schema":{"@context":"https:\/\/schema.org","@graph":[{"@type":"WebPage","@id":"https:\/\/walch-recycling.com\/portfolio-items\/baterias-de-iones-de-litio\/","url":"https:\/\/walch-recycling.com\/portfolio-items\/baterias-de-iones-de-litio\/","name":"Bater\u00edas de iones de litio | WALCH Recycling","isPartOf":{"@id":"https:\/\/walch-recycling.com\/#website"},"primaryImageOfPage":{"@id":"https:\/\/walch-recycling.com\/portfolio-items\/baterias-de-iones-de-litio\/#primaryimage"},"image":{"@id":"https:\/\/walch-recycling.com\/portfolio-items\/baterias-de-iones-de-litio\/#primaryimage"},"thumbnailUrl":"https:\/\/walch-recycling.com\/wp-content\/uploads\/2024\/04\/batterien.png","datePublished":"2024-07-11T11:00:58+00:00","breadcrumb":{"@id":"https:\/\/walch-recycling.com\/portfolio-items\/baterias-de-iones-de-litio\/#breadcrumb"},"inLanguage":"es","potentialAction":[{"@type":"ReadAction","target":["https:\/\/walch-recycling.com\/portfolio-items\/baterias-de-iones-de-litio\/"]}]},{"@type":"ImageObject","inLanguage":"es","@id":"https:\/\/walch-recycling.com\/portfolio-items\/baterias-de-iones-de-litio\/#primaryimage","url":"https:\/\/walch-recycling.com\/wp-content\/uploads\/2024\/04\/batterien.png","contentUrl":"https:\/\/walch-recycling.com\/wp-content\/uploads\/2024\/04\/batterien.png","width":403,"height":359,"caption":"Batterien Icon"},{"@type":"BreadcrumbList","@id":"https:\/\/walch-recycling.com\/portfolio-items\/baterias-de-iones-de-litio\/#breadcrumb","itemListElement":[{"@type":"ListItem","position":1,"name":"Startseite","item":"https:\/\/walch-recycling.com\/es\/"},{"@type":"ListItem","position":2,"name":"Portfolio","item":"https:\/\/walch-recycling.com\/portfolio-items\/"},{"@type":"ListItem","position":3,"name":"Bater\u00edas de iones de litio"}]},{"@type":"WebSite","@id":"https:\/\/walch-recycling.com\/#website","url":"https:\/\/walch-recycling.com\/","name":"WALCH Recycling","description":"","publisher":{"@id":"https:\/\/walch-recycling.com\/#organization"},"potentialAction":[{"@type":"SearchAction","target":{"@type":"EntryPoint","urlTemplate":"https:\/\/walch-recycling.com\/?s={search_term_string}"},"query-input":{"@type":"PropertyValueSpecification","valueRequired":true,"valueName":"search_term_string"}}],"inLanguage":"es"},{"@type":"Organization","@id":"https:\/\/walch-recycling.com\/#organization","name":"Lars Walch GmbH & Co. KG","url":"https:\/\/walch-recycling.com\/","logo":{"@type":"ImageObject","inLanguage":"es","@id":"https:\/\/walch-recycling.com\/#\/schema\/logo\/image\/","url":"https:\/\/walch-recycling.com\/wp-content\/uploads\/2024\/05\/walch-recycling-logo_sm.svg","contentUrl":"https:\/\/walch-recycling.com\/wp-content\/uploads\/2024\/05\/walch-recycling-logo_sm.svg","width":91,"height":66,"caption":"Lars Walch GmbH & Co. KG"},"image":{"@id":"https:\/\/walch-recycling.com\/#\/schema\/logo\/image\/"},"sameAs":["https:\/\/www.linkedin.com\/company\/walchrecycling\/","https:\/\/www.youtube.com\/channel\/UCy6VNhi3OHnjeClBw2_juVQ"]}]}},"_links":{"self":[{"href":"https:\/\/walch-recycling.com\/es\/wp-json\/wp\/v2\/avada_portfolio\/2057","targetHints":{"allow":["GET"]}}],"collection":[{"href":"https:\/\/walch-recycling.com\/es\/wp-json\/wp\/v2\/avada_portfolio"}],"about":[{"href":"https:\/\/walch-recycling.com\/es\/wp-json\/wp\/v2\/types\/avada_portfolio"}],"author":[{"embeddable":true,"href":"https:\/\/walch-recycling.com\/es\/wp-json\/wp\/v2\/users\/1"}],"replies":[{"embeddable":true,"href":"https:\/\/walch-recycling.com\/es\/wp-json\/wp\/v2\/comments?post=2057"}],"version-history":[{"count":0,"href":"https:\/\/walch-recycling.com\/es\/wp-json\/wp\/v2\/avada_portfolio\/2057\/revisions"}],"wp:featuredmedia":[{"embeddable":true,"href":"https:\/\/walch-recycling.com\/es\/wp-json\/wp\/v2\/media\/365"}],"wp:attachment":[{"href":"https:\/\/walch-recycling.com\/es\/wp-json\/wp\/v2\/media?parent=2057"}],"wp:term":[{"taxonomy":"portfolio_category","embeddable":true,"href":"https:\/\/walch-recycling.com\/es\/wp-json\/wp\/v2\/portfolio_category?post=2057"},{"taxonomy":"portfolio_skills","embeddable":true,"href":"https:\/\/walch-recycling.com\/es\/wp-json\/wp\/v2\/portfolio_skills?post=2057"},{"taxonomy":"portfolio_tags","embeddable":true,"href":"https:\/\/walch-recycling.com\/es\/wp-json\/wp\/v2\/portfolio_tags?post=2057"}],"curies":[{"name":"wp","href":"https:\/\/api.w.org\/{rel}","templated":true}]}}

Baterías de iones de litio

<p>Las pilas de ión-litio y los residuos de su fabricación contienen valiosas materias primas. Nos encargamos del reciclaje profesional y respetuoso con el medio ambiente de cátodos, ánodos y otros componentes.</p>

<p>Las pilas de ión-litio y los residuos de su fabricación  [&#8230;]</p>

<!-- This site is optimized with the Yoast SEO plugin v26.7 - https://yoast.com/wordpress/plugins/seo/ -->
<title>Baterías de iones de litio | WALCH Recycling</title>
<meta name="robots" content="noindex, follow" />
<meta property="og:locale" content="es_ES" />
<meta property="og:type" content="article" />
<meta property="og:title" content="Baterías de iones de litio | WALCH Recycling" />
<meta property="og:description" content="Las pilas de ión-litio y los residuos de su fabricación [...]" />
<meta property="og:url" content="https://walch-recycling.com/portfolio-items/baterias-de-iones-de-litio/" />
<meta property="og:site_name" content="WALCH Recycling" />
<meta property="og:image" content="https://walch-recycling.com/wp-content/uploads/2024/04/walch-recycling-familienbetrieb.jpg" />
	<meta property="og:image:width" content="1200" />
	<meta property="og:image:height" content="801" />
	<meta property="og:image:type" content="image/jpeg" />
<meta name="twitter:card" content="summary_large_image" />
<script type="application/ld+json" class="yoast-schema-graph">{"@context":"https://schema.org","@graph":[{"@type":"WebPage","@id":"https://walch-recycling.com/portfolio-items/baterias-de-iones-de-litio/","url":"https://walch-recycling.com/portfolio-items/baterias-de-iones-de-litio/","name":"Baterías de iones de litio | WALCH Recycling","isPartOf":{"@id":"https://walch-recycling.com/#website"},"primaryImageOfPage":{"@id":"https://walch-recycling.com/portfolio-items/baterias-de-iones-de-litio/#primaryimage"},"image":{"@id":"https://walch-recycling.com/portfolio-items/baterias-de-iones-de-litio/#primaryimage"},"thumbnailUrl":"https://walch-recycling.com/wp-content/uploads/2024/04/batterien.png","datePublished":"2024-07-11T11:00:58+00:00","breadcrumb":{"@id":"https://walch-recycling.com/portfolio-items/baterias-de-iones-de-litio/#breadcrumb"},"inLanguage":"es","potentialAction":[{"@type":"ReadAction","target":["https://walch-recycling.com/portfolio-items/baterias-de-iones-de-litio/"]}]},{"@type":"ImageObject","inLanguage":"es","@id":"https://walch-recycling.com/portfolio-items/baterias-de-iones-de-litio/#primaryimage","url":"https://walch-recycling.com/wp-content/uploads/2024/04/batterien.png","contentUrl":"https://walch-recycling.com/wp-content/uploads/2024/04/batterien.png","width":403,"height":359,"caption":"Batterien Icon"},{"@type":"BreadcrumbList","@id":"https://walch-recycling.com/portfolio-items/baterias-de-iones-de-litio/#breadcrumb","itemListElement":[{"@type":"ListItem","position":1,"name":"Startseite","item":"https://walch-recycling.com/es/"},{"@type":"ListItem","position":2,"name":"Portfolio","item":"https://walch-recycling.com/portfolio-items/"},{"@type":"ListItem","position":3,"name":"Baterías de iones de litio"}]},{"@type":"WebSite","@id":"https://walch-recycling.com/#website","url":"https://walch-recycling.com/","name":"WALCH Recycling","description":"","publisher":{"@id":"https://walch-recycling.com/#organization"},"potentialAction":[{"@type":"SearchAction","target":{"@type":"EntryPoint","urlTemplate":"https://walch-recycling.com/?s={search_term_string}"},"query-input":{"@type":"PropertyValueSpecification","valueRequired":true,"valueName":"search_term_string"}}],"inLanguage":"es"},{"@type":"Organization","@id":"https://walch-recycling.com/#organization","name":"Lars Walch GmbH & Co. KG","url":"https://walch-recycling.com/","logo":{"@type":"ImageObject","inLanguage":"es","@id":"https://walch-recycling.com/#/schema/logo/image/","url":"https://walch-recycling.com/wp-content/uploads/2024/05/walch-recycling-logo_sm.svg","contentUrl":"https://walch-recycling.com/wp-content/uploads/2024/05/walch-recycling-logo_sm.svg","width":91,"height":66,"caption":"Lars Walch GmbH & Co. KG"},"image":{"@id":"https://walch-recycling.com/#/schema/logo/image/"},"sameAs":["https://www.linkedin.com/company/walchrecycling/","https://www.youtube.com/channel/UCy6VNhi3OHnjeClBw2_juVQ"]}]}</script>
<!-- / Yoast SEO plugin. -->

Baterías de iones de litio | WALCH Recycling

Las pilas de ión-litio y los residuos de su fabricación [...]
