{"id":2022,"date":"2024-07-11T13:24:51","date_gmt":"2024-07-11T11:24:51","guid":{"rendered":"https:\/\/walch-recycling.com\/portfolio-items\/contact-personnel\/"},"modified":"2024-07-11T13:24:51","modified_gmt":"2024-07-11T11:24:51","slug":"contact-personnel","status":"publish","type":"avada_portfolio","link":"https:\/\/walch-recycling.com\/fr\/portfolio-items\/contact-personnel\/","title":{"rendered":"Contact personnel"},"content":{"rendered":"<p>Rien ne remplace le dialogue de personne \u00e0 personne. Pour que vous vous sentiez \u00e0 tout moment entre de bonnes mains et que vous b\u00e9n\u00e9ficiiez d&rsquo;une assistance optimale, il va de soi que chez Walch GmbH, vous et notre \u00e9quipe vous parlez personnellement.<\/p>\n","protected":false},"excerpt":{"rendered":"<p>Rien ne remplace le dialogue de personne \u00e0 personne. Pour  [&#8230;]<\/p>\n","protected":false},"author":1,"featured_media":0,"menu_order":0,"comment_status":"open","ping_status":"closed","template":"","format":"standard","meta":{"footnotes":""},"portfolio_category":[59],"portfolio_skills":[],"portfolio_tags":[],"class_list":["post-2022","avada_portfolio","type-avada_portfolio","status-publish","format-standard","hentry","portfolio_category-neodyme"],"yoast_head":"<!-- This site is optimized with the Yoast SEO plugin v26.7 - https:\/\/yoast.com\/wordpress\/plugins\/seo\/ -->\n<title>Contact personnel | WALCH Recycling<\/title>\n<meta name=\"robots\" content=\"noindex, follow\" \/>\n<meta property=\"og:locale\" content=\"fr_FR\" \/>\n<meta property=\"og:type\" content=\"article\" \/>\n<meta property=\"og:title\" content=\"Contact personnel | WALCH Recycling\" \/>\n<meta property=\"og:description\" content=\"Rien ne remplace le dialogue de personne \u00e0 personne. Pour [...]\" \/>\n<meta property=\"og:url\" content=\"https:\/\/walch-recycling.com\/portfolio-items\/contact-personnel\/\" \/>\n<meta property=\"og:site_name\" content=\"WALCH Recycling\" \/>\n<meta property=\"og:image\" content=\"https:\/\/walch-recycling.com\/wp-content\/uploads\/2024\/04\/walch-recycling-familienbetrieb.jpg\" \/>\n\t<meta property=\"og:image:width\" content=\"1200\" \/>\n\t<meta property=\"og:image:height\" content=\"801\" \/>\n\t<meta property=\"og:image:type\" content=\"image\/jpeg\" \/>\n<meta name=\"twitter:card\" content=\"summary_large_image\" \/>\n<script type=\"application\/ld+json\" class=\"yoast-schema-graph\">{\"@context\":\"https:\/\/schema.org\",\"@graph\":[{\"@type\":\"WebPage\",\"@id\":\"https:\/\/walch-recycling.com\/portfolio-items\/contact-personnel\/\",\"url\":\"https:\/\/walch-recycling.com\/portfolio-items\/contact-personnel\/\",\"name\":\"Contact personnel | WALCH Recycling\",\"isPartOf\":{\"@id\":\"https:\/\/walch-recycling.com\/#website\"},\"datePublished\":\"2024-07-11T11:24:51+00:00\",\"breadcrumb\":{\"@id\":\"https:\/\/walch-recycling.com\/portfolio-items\/contact-personnel\/#breadcrumb\"},\"inLanguage\":\"fr-FR\",\"potentialAction\":[{\"@type\":\"ReadAction\",\"target\":[\"https:\/\/walch-recycling.com\/portfolio-items\/contact-personnel\/\"]}]},{\"@type\":\"BreadcrumbList\",\"@id\":\"https:\/\/walch-recycling.com\/portfolio-items\/contact-personnel\/#breadcrumb\",\"itemListElement\":[{\"@type\":\"ListItem\",\"position\":1,\"name\":\"Startseite\",\"item\":\"https:\/\/walch-recycling.com\/fr\/\"},{\"@type\":\"ListItem\",\"position\":2,\"name\":\"Portfolio\",\"item\":\"https:\/\/walch-recycling.com\/portfolio-items\/\"},{\"@type\":\"ListItem\",\"position\":3,\"name\":\"Contact personnel\"}]},{\"@type\":\"WebSite\",\"@id\":\"https:\/\/walch-recycling.com\/#website\",\"url\":\"https:\/\/walch-recycling.com\/\",\"name\":\"WALCH Recycling\",\"description\":\"\",\"publisher\":{\"@id\":\"https:\/\/walch-recycling.com\/#organization\"},\"potentialAction\":[{\"@type\":\"SearchAction\",\"target\":{\"@type\":\"EntryPoint\",\"urlTemplate\":\"https:\/\/walch-recycling.com\/?s={search_term_string}\"},\"query-input\":{\"@type\":\"PropertyValueSpecification\",\"valueRequired\":true,\"valueName\":\"search_term_string\"}}],\"inLanguage\":\"fr-FR\"},{\"@type\":\"Organization\",\"@id\":\"https:\/\/walch-recycling.com\/#organization\",\"name\":\"Lars Walch GmbH & Co. KG\",\"url\":\"https:\/\/walch-recycling.com\/\",\"logo\":{\"@type\":\"ImageObject\",\"inLanguage\":\"fr-FR\",\"@id\":\"https:\/\/walch-recycling.com\/#\/schema\/logo\/image\/\",\"url\":\"https:\/\/walch-recycling.com\/wp-content\/uploads\/2024\/05\/walch-recycling-logo_sm.svg\",\"contentUrl\":\"https:\/\/walch-recycling.com\/wp-content\/uploads\/2024\/05\/walch-recycling-logo_sm.svg\",\"width\":91,\"height\":66,\"caption\":\"Lars Walch GmbH & Co. KG\"},\"image\":{\"@id\":\"https:\/\/walch-recycling.com\/#\/schema\/logo\/image\/\"},\"sameAs\":[\"https:\/\/www.linkedin.com\/company\/walchrecycling\/\",\"https:\/\/www.youtube.com\/channel\/UCy6VNhi3OHnjeClBw2_juVQ\"]}]}<\/script>\n<!-- \/ Yoast SEO plugin. -->","yoast_head_json":{"title":"Contact personnel | WALCH Recycling","robots":{"index":"noindex","follow":"follow"},"og_locale":"fr_FR","og_type":"article","og_title":"Contact personnel | WALCH Recycling","og_description":"Rien ne remplace le dialogue de personne \u00e0 personne. Pour [...]","og_url":"https:\/\/walch-recycling.com\/portfolio-items\/contact-personnel\/","og_site_name":"WALCH Recycling","og_image":[{"width":1200,"height":801,"url":"https:\/\/walch-recycling.com\/wp-content\/uploads\/2024\/04\/walch-recycling-familienbetrieb.jpg","type":"image\/jpeg"}],"twitter_card":"summary_large_image","schema":{"@context":"https:\/\/schema.org","@graph":[{"@type":"WebPage","@id":"https:\/\/walch-recycling.com\/portfolio-items\/contact-personnel\/","url":"https:\/\/walch-recycling.com\/portfolio-items\/contact-personnel\/","name":"Contact personnel | WALCH Recycling","isPartOf":{"@id":"https:\/\/walch-recycling.com\/#website"},"datePublished":"2024-07-11T11:24:51+00:00","breadcrumb":{"@id":"https:\/\/walch-recycling.com\/portfolio-items\/contact-personnel\/#breadcrumb"},"inLanguage":"fr-FR","potentialAction":[{"@type":"ReadAction","target":["https:\/\/walch-recycling.com\/portfolio-items\/contact-personnel\/"]}]},{"@type":"BreadcrumbList","@id":"https:\/\/walch-recycling.com\/portfolio-items\/contact-personnel\/#breadcrumb","itemListElement":[{"@type":"ListItem","position":1,"name":"Startseite","item":"https:\/\/walch-recycling.com\/fr\/"},{"@type":"ListItem","position":2,"name":"Portfolio","item":"https:\/\/walch-recycling.com\/portfolio-items\/"},{"@type":"ListItem","position":3,"name":"Contact personnel"}]},{"@type":"WebSite","@id":"https:\/\/walch-recycling.com\/#website","url":"https:\/\/walch-recycling.com\/","name":"WALCH Recycling","description":"","publisher":{"@id":"https:\/\/walch-recycling.com\/#organization"},"potentialAction":[{"@type":"SearchAction","target":{"@type":"EntryPoint","urlTemplate":"https:\/\/walch-recycling.com\/?s={search_term_string}"},"query-input":{"@type":"PropertyValueSpecification","valueRequired":true,"valueName":"search_term_string"}}],"inLanguage":"fr-FR"},{"@type":"Organization","@id":"https:\/\/walch-recycling.com\/#organization","name":"Lars Walch GmbH & Co. KG","url":"https:\/\/walch-recycling.com\/","logo":{"@type":"ImageObject","inLanguage":"fr-FR","@id":"https:\/\/walch-recycling.com\/#\/schema\/logo\/image\/","url":"https:\/\/walch-recycling.com\/wp-content\/uploads\/2024\/05\/walch-recycling-logo_sm.svg","contentUrl":"https:\/\/walch-recycling.com\/wp-content\/uploads\/2024\/05\/walch-recycling-logo_sm.svg","width":91,"height":66,"caption":"Lars Walch GmbH & Co. KG"},"image":{"@id":"https:\/\/walch-recycling.com\/#\/schema\/logo\/image\/"},"sameAs":["https:\/\/www.linkedin.com\/company\/walchrecycling\/","https:\/\/www.youtube.com\/channel\/UCy6VNhi3OHnjeClBw2_juVQ"]}]}},"_links":{"self":[{"href":"https:\/\/walch-recycling.com\/fr\/wp-json\/wp\/v2\/avada_portfolio\/2022","targetHints":{"allow":["GET"]}}],"collection":[{"href":"https:\/\/walch-recycling.com\/fr\/wp-json\/wp\/v2\/avada_portfolio"}],"about":[{"href":"https:\/\/walch-recycling.com\/fr\/wp-json\/wp\/v2\/types\/avada_portfolio"}],"author":[{"embeddable":true,"href":"https:\/\/walch-recycling.com\/fr\/wp-json\/wp\/v2\/users\/1"}],"replies":[{"embeddable":true,"href":"https:\/\/walch-recycling.com\/fr\/wp-json\/wp\/v2\/comments?post=2022"}],"version-history":[{"count":0,"href":"https:\/\/walch-recycling.com\/fr\/wp-json\/wp\/v2\/avada_portfolio\/2022\/revisions"}],"wp:attachment":[{"href":"https:\/\/walch-recycling.com\/fr\/wp-json\/wp\/v2\/media?parent=2022"}],"wp:term":[{"taxonomy":"portfolio_category","embeddable":true,"href":"https:\/\/walch-recycling.com\/fr\/wp-json\/wp\/v2\/portfolio_category?post=2022"},{"taxonomy":"portfolio_skills","embeddable":true,"href":"https:\/\/walch-recycling.com\/fr\/wp-json\/wp\/v2\/portfolio_skills?post=2022"},{"taxonomy":"portfolio_tags","embeddable":true,"href":"https:\/\/walch-recycling.com\/fr\/wp-json\/wp\/v2\/portfolio_tags?post=2022"}],"curies":[{"name":"wp","href":"https:\/\/api.w.org\/{rel}","templated":true}]}}

<p>Rien ne remplace le dialogue de personne à personne. Pour que vous vous sentiez à tout moment entre de bonnes mains et que vous bénéficiiez d&rsquo;une assistance optimale, il va de soi que chez Walch GmbH, vous et notre équipe vous parlez personnellement.</p>

<p>Rien ne remplace le dialogue de personne à personne. Pour  [&#8230;]</p>

<!-- This site is optimized with the Yoast SEO plugin v26.7 - https://yoast.com/wordpress/plugins/seo/ -->
<title>Contact personnel | WALCH Recycling</title>
<meta name="robots" content="noindex, follow" />
<meta property="og:locale" content="fr_FR" />
<meta property="og:type" content="article" />
<meta property="og:title" content="Contact personnel | WALCH Recycling" />
<meta property="og:description" content="Rien ne remplace le dialogue de personne à personne. Pour [...]" />
<meta property="og:url" content="https://walch-recycling.com/portfolio-items/contact-personnel/" />
<meta property="og:site_name" content="WALCH Recycling" />
<meta property="og:image" content="https://walch-recycling.com/wp-content/uploads/2024/04/walch-recycling-familienbetrieb.jpg" />
	<meta property="og:image:width" content="1200" />
	<meta property="og:image:height" content="801" />
	<meta property="og:image:type" content="image/jpeg" />
<meta name="twitter:card" content="summary_large_image" />
<script type="application/ld+json" class="yoast-schema-graph">{"@context":"https://schema.org","@graph":[{"@type":"WebPage","@id":"https://walch-recycling.com/portfolio-items/contact-personnel/","url":"https://walch-recycling.com/portfolio-items/contact-personnel/","name":"Contact personnel | WALCH Recycling","isPartOf":{"@id":"https://walch-recycling.com/#website"},"datePublished":"2024-07-11T11:24:51+00:00","breadcrumb":{"@id":"https://walch-recycling.com/portfolio-items/contact-personnel/#breadcrumb"},"inLanguage":"fr-FR","potentialAction":[{"@type":"ReadAction","target":["https://walch-recycling.com/portfolio-items/contact-personnel/"]}]},{"@type":"BreadcrumbList","@id":"https://walch-recycling.com/portfolio-items/contact-personnel/#breadcrumb","itemListElement":[{"@type":"ListItem","position":1,"name":"Startseite","item":"https://walch-recycling.com/fr/"},{"@type":"ListItem","position":2,"name":"Portfolio","item":"https://walch-recycling.com/portfolio-items/"},{"@type":"ListItem","position":3,"name":"Contact personnel"}]},{"@type":"WebSite","@id":"https://walch-recycling.com/#website","url":"https://walch-recycling.com/","name":"WALCH Recycling","description":"","publisher":{"@id":"https://walch-recycling.com/#organization"},"potentialAction":[{"@type":"SearchAction","target":{"@type":"EntryPoint","urlTemplate":"https://walch-recycling.com/?s={search_term_string}"},"query-input":{"@type":"PropertyValueSpecification","valueRequired":true,"valueName":"search_term_string"}}],"inLanguage":"fr-FR"},{"@type":"Organization","@id":"https://walch-recycling.com/#organization","name":"Lars Walch GmbH & Co. KG","url":"https://walch-recycling.com/","logo":{"@type":"ImageObject","inLanguage":"fr-FR","@id":"https://walch-recycling.com/#/schema/logo/image/","url":"https://walch-recycling.com/wp-content/uploads/2024/05/walch-recycling-logo_sm.svg","contentUrl":"https://walch-recycling.com/wp-content/uploads/2024/05/walch-recycling-logo_sm.svg","width":91,"height":66,"caption":"Lars Walch GmbH & Co. KG"},"image":{"@id":"https://walch-recycling.com/#/schema/logo/image/"},"sameAs":["https://www.linkedin.com/company/walchrecycling/","https://www.youtube.com/channel/UCy6VNhi3OHnjeClBw2_juVQ"]}]}</script>
<!-- / Yoast SEO plugin. -->

Rien ne remplace le dialogue de personne à personne. Pour [...]
