{"id":2077,"date":"2024-07-11T13:25:20","date_gmt":"2024-07-11T11:25:20","guid":{"rendered":"https:\/\/walch-recycling.com\/portfolio-items\/enlevement-dans-toute-leurope\/"},"modified":"2024-07-11T13:25:20","modified_gmt":"2024-07-11T11:25:20","slug":"enlevement-dans-toute-leurope","status":"publish","type":"avada_portfolio","link":"https:\/\/walch-recycling.com\/fr\/portfolio-items\/enlevement-dans-toute-leurope\/","title":{"rendered":"Enl\u00e8vement dans toute l&rsquo;Europe"},"content":{"rendered":"<p>Vous souhaitez vous d\u00e9barrasser de composants volumineux contenant du n\u00e9odyme, tels que des g\u00e9n\u00e9rateurs synchrones d&rsquo;\u00e9oliennes ? Nous les collectons volontiers dans toute l&rsquo;Europe par transporteur &#8211; par exemple directement sur place apr\u00e8s le d\u00e9montage.<\/p>\n","protected":false},"excerpt":{"rendered":"<p>Vous souhaitez vous d\u00e9barrasser de composants volumineux contenant du n\u00e9odyme,  [&#8230;]<\/p>\n","protected":false},"author":1,"featured_media":553,"menu_order":0,"comment_status":"open","ping_status":"closed","template":"","format":"standard","meta":{"footnotes":""},"portfolio_category":[59],"portfolio_skills":[],"portfolio_tags":[],"class_list":["post-2077","avada_portfolio","type-avada_portfolio","status-publish","format-standard","has-post-thumbnail","hentry","portfolio_category-neodyme"],"yoast_head":"<!-- This site is optimized with the Yoast SEO plugin v26.7 - https:\/\/yoast.com\/wordpress\/plugins\/seo\/ -->\n<title>Enl\u00e8vement dans toute l&#039;Europe | WALCH Recycling<\/title>\n<meta name=\"robots\" content=\"noindex, follow\" \/>\n<meta property=\"og:locale\" content=\"fr_FR\" \/>\n<meta property=\"og:type\" content=\"article\" \/>\n<meta property=\"og:title\" content=\"Enl\u00e8vement dans toute l&#039;Europe | WALCH Recycling\" \/>\n<meta property=\"og:description\" content=\"Vous souhaitez vous d\u00e9barrasser de composants volumineux contenant du n\u00e9odyme, [...]\" \/>\n<meta property=\"og:url\" content=\"https:\/\/walch-recycling.com\/portfolio-items\/enlevement-dans-toute-leurope\/\" \/>\n<meta property=\"og:site_name\" content=\"WALCH Recycling\" \/>\n<meta property=\"og:image\" content=\"https:\/\/walch-recycling.com\/wp-content\/uploads\/2024\/04\/walch-recycling-familienbetrieb.jpg\" \/>\n\t<meta property=\"og:image:width\" content=\"1200\" \/>\n\t<meta property=\"og:image:height\" content=\"801\" \/>\n\t<meta property=\"og:image:type\" content=\"image\/jpeg\" \/>\n<meta name=\"twitter:card\" content=\"summary_large_image\" \/>\n<script type=\"application\/ld+json\" class=\"yoast-schema-graph\">{\"@context\":\"https:\/\/schema.org\",\"@graph\":[{\"@type\":\"WebPage\",\"@id\":\"https:\/\/walch-recycling.com\/portfolio-items\/enlevement-dans-toute-leurope\/\",\"url\":\"https:\/\/walch-recycling.com\/portfolio-items\/enlevement-dans-toute-leurope\/\",\"name\":\"Enl\u00e8vement dans toute l'Europe | WALCH Recycling\",\"isPartOf\":{\"@id\":\"https:\/\/walch-recycling.com\/#website\"},\"primaryImageOfPage\":{\"@id\":\"https:\/\/walch-recycling.com\/portfolio-items\/enlevement-dans-toute-leurope\/#primaryimage\"},\"image\":{\"@id\":\"https:\/\/walch-recycling.com\/portfolio-items\/enlevement-dans-toute-leurope\/#primaryimage\"},\"thumbnailUrl\":\"https:\/\/walch-recycling.com\/wp-content\/uploads\/2024\/04\/local.svg\",\"datePublished\":\"2024-07-11T11:25:20+00:00\",\"breadcrumb\":{\"@id\":\"https:\/\/walch-recycling.com\/portfolio-items\/enlevement-dans-toute-leurope\/#breadcrumb\"},\"inLanguage\":\"fr-FR\",\"potentialAction\":[{\"@type\":\"ReadAction\",\"target\":[\"https:\/\/walch-recycling.com\/portfolio-items\/enlevement-dans-toute-leurope\/\"]}]},{\"@type\":\"ImageObject\",\"inLanguage\":\"fr-FR\",\"@id\":\"https:\/\/walch-recycling.com\/portfolio-items\/enlevement-dans-toute-leurope\/#primaryimage\",\"url\":\"https:\/\/walch-recycling.com\/wp-content\/uploads\/2024\/04\/local.svg\",\"contentUrl\":\"https:\/\/walch-recycling.com\/wp-content\/uploads\/2024\/04\/local.svg\",\"width\":100,\"height\":100,\"caption\":\"Local Icon\"},{\"@type\":\"BreadcrumbList\",\"@id\":\"https:\/\/walch-recycling.com\/portfolio-items\/enlevement-dans-toute-leurope\/#breadcrumb\",\"itemListElement\":[{\"@type\":\"ListItem\",\"position\":1,\"name\":\"Startseite\",\"item\":\"https:\/\/walch-recycling.com\/fr\/\"},{\"@type\":\"ListItem\",\"position\":2,\"name\":\"Portfolio\",\"item\":\"https:\/\/walch-recycling.com\/portfolio-items\/\"},{\"@type\":\"ListItem\",\"position\":3,\"name\":\"Enl\u00e8vement dans toute l&rsquo;Europe\"}]},{\"@type\":\"WebSite\",\"@id\":\"https:\/\/walch-recycling.com\/#website\",\"url\":\"https:\/\/walch-recycling.com\/\",\"name\":\"WALCH Recycling\",\"description\":\"\",\"publisher\":{\"@id\":\"https:\/\/walch-recycling.com\/#organization\"},\"potentialAction\":[{\"@type\":\"SearchAction\",\"target\":{\"@type\":\"EntryPoint\",\"urlTemplate\":\"https:\/\/walch-recycling.com\/?s={search_term_string}\"},\"query-input\":{\"@type\":\"PropertyValueSpecification\",\"valueRequired\":true,\"valueName\":\"search_term_string\"}}],\"inLanguage\":\"fr-FR\"},{\"@type\":\"Organization\",\"@id\":\"https:\/\/walch-recycling.com\/#organization\",\"name\":\"Lars Walch GmbH & Co. KG\",\"url\":\"https:\/\/walch-recycling.com\/\",\"logo\":{\"@type\":\"ImageObject\",\"inLanguage\":\"fr-FR\",\"@id\":\"https:\/\/walch-recycling.com\/#\/schema\/logo\/image\/\",\"url\":\"https:\/\/walch-recycling.com\/wp-content\/uploads\/2024\/05\/walch-recycling-logo_sm.svg\",\"contentUrl\":\"https:\/\/walch-recycling.com\/wp-content\/uploads\/2024\/05\/walch-recycling-logo_sm.svg\",\"width\":91,\"height\":66,\"caption\":\"Lars Walch GmbH & Co. KG\"},\"image\":{\"@id\":\"https:\/\/walch-recycling.com\/#\/schema\/logo\/image\/\"},\"sameAs\":[\"https:\/\/www.linkedin.com\/company\/walchrecycling\/\",\"https:\/\/www.youtube.com\/channel\/UCy6VNhi3OHnjeClBw2_juVQ\"]}]}<\/script>\n<!-- \/ Yoast SEO plugin. -->","yoast_head_json":{"title":"Enl\u00e8vement dans toute l'Europe | WALCH Recycling","robots":{"index":"noindex","follow":"follow"},"og_locale":"fr_FR","og_type":"article","og_title":"Enl\u00e8vement dans toute l'Europe | WALCH Recycling","og_description":"Vous souhaitez vous d\u00e9barrasser de composants volumineux contenant du n\u00e9odyme, [...]","og_url":"https:\/\/walch-recycling.com\/portfolio-items\/enlevement-dans-toute-leurope\/","og_site_name":"WALCH Recycling","og_image":[{"width":1200,"height":801,"url":"https:\/\/walch-recycling.com\/wp-content\/uploads\/2024\/04\/walch-recycling-familienbetrieb.jpg","type":"image\/jpeg"}],"twitter_card":"summary_large_image","schema":{"@context":"https:\/\/schema.org","@graph":[{"@type":"WebPage","@id":"https:\/\/walch-recycling.com\/portfolio-items\/enlevement-dans-toute-leurope\/","url":"https:\/\/walch-recycling.com\/portfolio-items\/enlevement-dans-toute-leurope\/","name":"Enl\u00e8vement dans toute l'Europe | WALCH Recycling","isPartOf":{"@id":"https:\/\/walch-recycling.com\/#website"},"primaryImageOfPage":{"@id":"https:\/\/walch-recycling.com\/portfolio-items\/enlevement-dans-toute-leurope\/#primaryimage"},"image":{"@id":"https:\/\/walch-recycling.com\/portfolio-items\/enlevement-dans-toute-leurope\/#primaryimage"},"thumbnailUrl":"https:\/\/walch-recycling.com\/wp-content\/uploads\/2024\/04\/local.svg","datePublished":"2024-07-11T11:25:20+00:00","breadcrumb":{"@id":"https:\/\/walch-recycling.com\/portfolio-items\/enlevement-dans-toute-leurope\/#breadcrumb"},"inLanguage":"fr-FR","potentialAction":[{"@type":"ReadAction","target":["https:\/\/walch-recycling.com\/portfolio-items\/enlevement-dans-toute-leurope\/"]}]},{"@type":"ImageObject","inLanguage":"fr-FR","@id":"https:\/\/walch-recycling.com\/portfolio-items\/enlevement-dans-toute-leurope\/#primaryimage","url":"https:\/\/walch-recycling.com\/wp-content\/uploads\/2024\/04\/local.svg","contentUrl":"https:\/\/walch-recycling.com\/wp-content\/uploads\/2024\/04\/local.svg","width":100,"height":100,"caption":"Local Icon"},{"@type":"BreadcrumbList","@id":"https:\/\/walch-recycling.com\/portfolio-items\/enlevement-dans-toute-leurope\/#breadcrumb","itemListElement":[{"@type":"ListItem","position":1,"name":"Startseite","item":"https:\/\/walch-recycling.com\/fr\/"},{"@type":"ListItem","position":2,"name":"Portfolio","item":"https:\/\/walch-recycling.com\/portfolio-items\/"},{"@type":"ListItem","position":3,"name":"Enl\u00e8vement dans toute l&rsquo;Europe"}]},{"@type":"WebSite","@id":"https:\/\/walch-recycling.com\/#website","url":"https:\/\/walch-recycling.com\/","name":"WALCH Recycling","description":"","publisher":{"@id":"https:\/\/walch-recycling.com\/#organization"},"potentialAction":[{"@type":"SearchAction","target":{"@type":"EntryPoint","urlTemplate":"https:\/\/walch-recycling.com\/?s={search_term_string}"},"query-input":{"@type":"PropertyValueSpecification","valueRequired":true,"valueName":"search_term_string"}}],"inLanguage":"fr-FR"},{"@type":"Organization","@id":"https:\/\/walch-recycling.com\/#organization","name":"Lars Walch GmbH & Co. KG","url":"https:\/\/walch-recycling.com\/","logo":{"@type":"ImageObject","inLanguage":"fr-FR","@id":"https:\/\/walch-recycling.com\/#\/schema\/logo\/image\/","url":"https:\/\/walch-recycling.com\/wp-content\/uploads\/2024\/05\/walch-recycling-logo_sm.svg","contentUrl":"https:\/\/walch-recycling.com\/wp-content\/uploads\/2024\/05\/walch-recycling-logo_sm.svg","width":91,"height":66,"caption":"Lars Walch GmbH & Co. KG"},"image":{"@id":"https:\/\/walch-recycling.com\/#\/schema\/logo\/image\/"},"sameAs":["https:\/\/www.linkedin.com\/company\/walchrecycling\/","https:\/\/www.youtube.com\/channel\/UCy6VNhi3OHnjeClBw2_juVQ"]}]}},"_links":{"self":[{"href":"https:\/\/walch-recycling.com\/fr\/wp-json\/wp\/v2\/avada_portfolio\/2077","targetHints":{"allow":["GET"]}}],"collection":[{"href":"https:\/\/walch-recycling.com\/fr\/wp-json\/wp\/v2\/avada_portfolio"}],"about":[{"href":"https:\/\/walch-recycling.com\/fr\/wp-json\/wp\/v2\/types\/avada_portfolio"}],"author":[{"embeddable":true,"href":"https:\/\/walch-recycling.com\/fr\/wp-json\/wp\/v2\/users\/1"}],"replies":[{"embeddable":true,"href":"https:\/\/walch-recycling.com\/fr\/wp-json\/wp\/v2\/comments?post=2077"}],"version-history":[{"count":0,"href":"https:\/\/walch-recycling.com\/fr\/wp-json\/wp\/v2\/avada_portfolio\/2077\/revisions"}],"wp:featuredmedia":[{"embeddable":true,"href":"https:\/\/walch-recycling.com\/fr\/wp-json\/wp\/v2\/media\/553"}],"wp:attachment":[{"href":"https:\/\/walch-recycling.com\/fr\/wp-json\/wp\/v2\/media?parent=2077"}],"wp:term":[{"taxonomy":"portfolio_category","embeddable":true,"href":"https:\/\/walch-recycling.com\/fr\/wp-json\/wp\/v2\/portfolio_category?post=2077"},{"taxonomy":"portfolio_skills","embeddable":true,"href":"https:\/\/walch-recycling.com\/fr\/wp-json\/wp\/v2\/portfolio_skills?post=2077"},{"taxonomy":"portfolio_tags","embeddable":true,"href":"https:\/\/walch-recycling.com\/fr\/wp-json\/wp\/v2\/portfolio_tags?post=2077"}],"curies":[{"name":"wp","href":"https:\/\/api.w.org\/{rel}","templated":true}]}}

Enlèvement dans toute l&rsquo;Europe

<p>Vous souhaitez vous débarrasser de composants volumineux contenant du néodyme, tels que des générateurs synchrones d&rsquo;éoliennes ? Nous les collectons volontiers dans toute l&rsquo;Europe par transporteur &#8211; par exemple directement sur place après le démontage.</p>

<p>Vous souhaitez vous débarrasser de composants volumineux contenant du néodyme,  [&#8230;]</p>

<!-- This site is optimized with the Yoast SEO plugin v26.7 - https://yoast.com/wordpress/plugins/seo/ -->
<title>Enlèvement dans toute l&#039;Europe | WALCH Recycling</title>
<meta name="robots" content="noindex, follow" />
<meta property="og:locale" content="fr_FR" />
<meta property="og:type" content="article" />
<meta property="og:title" content="Enlèvement dans toute l&#039;Europe | WALCH Recycling" />
<meta property="og:description" content="Vous souhaitez vous débarrasser de composants volumineux contenant du néodyme, [...]" />
<meta property="og:url" content="https://walch-recycling.com/portfolio-items/enlevement-dans-toute-leurope/" />
<meta property="og:site_name" content="WALCH Recycling" />
<meta property="og:image" content="https://walch-recycling.com/wp-content/uploads/2024/04/walch-recycling-familienbetrieb.jpg" />
	<meta property="og:image:width" content="1200" />
	<meta property="og:image:height" content="801" />
	<meta property="og:image:type" content="image/jpeg" />
<meta name="twitter:card" content="summary_large_image" />
<script type="application/ld+json" class="yoast-schema-graph">{"@context":"https://schema.org","@graph":[{"@type":"WebPage","@id":"https://walch-recycling.com/portfolio-items/enlevement-dans-toute-leurope/","url":"https://walch-recycling.com/portfolio-items/enlevement-dans-toute-leurope/","name":"Enlèvement dans toute l'Europe | WALCH Recycling","isPartOf":{"@id":"https://walch-recycling.com/#website"},"primaryImageOfPage":{"@id":"https://walch-recycling.com/portfolio-items/enlevement-dans-toute-leurope/#primaryimage"},"image":{"@id":"https://walch-recycling.com/portfolio-items/enlevement-dans-toute-leurope/#primaryimage"},"thumbnailUrl":"https://walch-recycling.com/wp-content/uploads/2024/04/local.svg","datePublished":"2024-07-11T11:25:20+00:00","breadcrumb":{"@id":"https://walch-recycling.com/portfolio-items/enlevement-dans-toute-leurope/#breadcrumb"},"inLanguage":"fr-FR","potentialAction":[{"@type":"ReadAction","target":["https://walch-recycling.com/portfolio-items/enlevement-dans-toute-leurope/"]}]},{"@type":"ImageObject","inLanguage":"fr-FR","@id":"https://walch-recycling.com/portfolio-items/enlevement-dans-toute-leurope/#primaryimage","url":"https://walch-recycling.com/wp-content/uploads/2024/04/local.svg","contentUrl":"https://walch-recycling.com/wp-content/uploads/2024/04/local.svg","width":100,"height":100,"caption":"Local Icon"},{"@type":"BreadcrumbList","@id":"https://walch-recycling.com/portfolio-items/enlevement-dans-toute-leurope/#breadcrumb","itemListElement":[{"@type":"ListItem","position":1,"name":"Startseite","item":"https://walch-recycling.com/fr/"},{"@type":"ListItem","position":2,"name":"Portfolio","item":"https://walch-recycling.com/portfolio-items/"},{"@type":"ListItem","position":3,"name":"Enlèvement dans toute l&rsquo;Europe"}]},{"@type":"WebSite","@id":"https://walch-recycling.com/#website","url":"https://walch-recycling.com/","name":"WALCH Recycling","description":"","publisher":{"@id":"https://walch-recycling.com/#organization"},"potentialAction":[{"@type":"SearchAction","target":{"@type":"EntryPoint","urlTemplate":"https://walch-recycling.com/?s={search_term_string}"},"query-input":{"@type":"PropertyValueSpecification","valueRequired":true,"valueName":"search_term_string"}}],"inLanguage":"fr-FR"},{"@type":"Organization","@id":"https://walch-recycling.com/#organization","name":"Lars Walch GmbH & Co. KG","url":"https://walch-recycling.com/","logo":{"@type":"ImageObject","inLanguage":"fr-FR","@id":"https://walch-recycling.com/#/schema/logo/image/","url":"https://walch-recycling.com/wp-content/uploads/2024/05/walch-recycling-logo_sm.svg","contentUrl":"https://walch-recycling.com/wp-content/uploads/2024/05/walch-recycling-logo_sm.svg","width":91,"height":66,"caption":"Lars Walch GmbH & Co. KG"},"image":{"@id":"https://walch-recycling.com/#/schema/logo/image/"},"sameAs":["https://www.linkedin.com/company/walchrecycling/","https://www.youtube.com/channel/UCy6VNhi3OHnjeClBw2_juVQ"]}]}</script>
<!-- / Yoast SEO plugin. -->

Enlèvement dans toute l'Europe | WALCH Recycling

Vous souhaitez vous débarrasser de composants volumineux contenant du néodyme, [...]
